of 13 and t?
13
Let y(g) = 3*g - 5. Let u = 15 - 0. Suppose -5*d + u = -2*d. Let n be y(d). Calculate the greatest common divisor of 15 and n.
5
Suppose -170 = -5*x - 35. Calculate the greatest common factor of x and 27.
27
Let f = 25 + -24. What is the highest common factor of f and 3?
1
Let d(i) = 24*i + 18. Let c be d(8). Calculate the highest common factor of 30 and c.
30
Let t be 3/2 - (-5)/10. Let j be (-579)/(-9) + t/3. Calculate the greatest common factor of j and 13.
13
Let b = -30 + 134. Calculate the highest common factor of 13 and b.
13
Let b(r) = -11*r - 1. Let x be b(-1). What is the greatest common divisor of 20 and x?
10
Let g(h) = -h + 7. Let s be g(-6). Suppose 8*a + 460 = s*a. Suppose 3*p + 4*w - a = 0, w + 18 = 4*p - 73. What is the highest common factor of 96 and p?
24
Let t = 63 - 161. Let p = -145 - -103. Let u = p - t. Calculate the highest common divisor of u and 8.
8
Suppose -4*v - 3*w + 4 = -4*w, 0 = -v + 5*w - 18. Suppose -2*c + 115 = 3*x, v*x - 60 - 20 = -2*c. Calculate the highest common factor of x and 14.
7
Suppose -3*k + 73 = c + c, -53 = -c + 4*k. Suppose -2*o + 0*v + 44 = -4*v, -2*o + 3*v + c = 0. Calculate the greatest common factor of o and 48.
16
Suppose -3*n = -2*g - 1, -4*g + 7*n = 8*n - 5. Suppose 0 = 2*f - 3*f - 1, 2*v + 5*f = 1. Calculate the highest common factor of g and v.
1
Let q = -24 + -3. Let a be q/(-3)*(-2)/(-3). What is the highest common divisor of 9 and a?
3
Let q(o) = 29*o. Let f be q(2). Suppose -3*h = -6*h + 3*w + 39, 5*h + 2*w = f. Calculate the greatest common factor of h and 132.
12
Let q be (-6)/2*(-2)/2. Suppose 0 = 3*h + 4*o - 20, 0 = h - 2*o - 0*o. Let g = h - q. Calculate the highest common factor of 9 and g.
1
Let g be 2/(-7) + (-284)/(-14). Suppose 12*a - 56 = 5*a. What is the highest common divisor of a and g?
4
Let q be 4 - 1 - (5 + -2). Suppose 126 = -q*a + 3*a. What is the highest common divisor of 6 and a?
6
Let v = -9 + 7. Let r = v - -9. What is the highest common factor of 35 and r?
7
Suppose 5*b - 3*b + 5*k = 19, 3*b + 3*k = 15. What is the highest common divisor of 14 and b?
2
Suppose 0 = 4*m - j - 46, -3*j = m - 7*j - 19. Let d(w) = -w**3 - 2*w**2 - w - 1. Let o be d(-2). Calculate the greatest common divisor of m and o.
1
Let u be (-96)/168 + (-1)/((-7)/1005). Calculate the greatest common factor of 26 and u.
13
Let a(c) = -c + 11. Let v be a(5). What is the greatest common factor of 66 and v?
6
Let c be (-1)/4 - 89/12*-3. What is the greatest common divisor of c and 44?
22
Let a(n) = n + 10. Let q be a(-6). Let h = q - -3. Let i(l) = -l + 11. Let j be i(h). Calculate the highest common factor of 32 and j.
4
Let h = 20 + -10. Let r(q) = 110*q**3 + q**2 - 1. Let v be r(1). What is the greatest common divisor of v and h?
10
Let u be 2*(-1)/(8/(-108)). Suppose 2*j + j - u = 0. What is the greatest common factor of 9 and j?
9
Suppose 0 = 9*g - 55 - 8. Calculate the greatest common divisor of g and 14.
7
Suppose -5*u + 0 = 3*j - 92, -j + 36 = 3*u. What is the greatest common factor of j and 16?
8
Let m be -3 - -2 - -1 - -17. Suppose -18 = 7*j - 137. Calculate the highest common divisor of j and m.
17
Suppose 2*m - 2*c + 0 = -10, 0 = -3*m - 2*c - 10. Let a be (91 - 1)/((-6)/m). Calculate the highest common factor of 10 and a.
10
Let m be 2/11 + (-1582)/(-11). Calculate the highest common factor of 16 and m.
16
Suppose 2*z + l = 52 - 8, -z - 4*l = -15. Suppose -3 + 2 = -2*f + d, 4*d = -f + z. Suppose -s = f*s - 84. Calculate the highest common divisor of s and 42.
21
Let a = -41 - -47. Let r(k) = -2*k - 2. Let d be r(-4). Calculate the greatest common factor of d and a.
6
Let h(d) = 9*d**3 + 2*d**2 - d. Let g be h(1). Let r = g + 0. Suppose -k + 350 = 4*k. What is the greatest common divisor of r and k?
10
Let r(l) be the third derivative of l**5/60 + l**4/24 + 4*l**2. Let p be r(3). Let o be (-14)/(-21)*p/1. Calculate the highest common factor of o and 8.
8
Let o(v) = -v + 2. Let z be o(-2). Let x be (-1 - 6)/((-2)/z). Calculate the highest common divisor of x and 28.
14
Let n = 60 + -27. Suppose 9*p - 4*p + 93 = 4*i, 5*p = i - 27. What is the greatest common factor of n and i?
11
Let z(j) = -4*j**3 + 5*j**2 + 7*j - 7. Let f be z(-4). What is the greatest common factor of 43 and f?
43
Let x be (-2)/16*-4*-14. Let f be ((-20)/x)/(8/28). What is the highest common divisor of f and 1?
1
Suppose 20 = -c + 2*c. Suppose 20 = 2*o - 2*j, -2*j + 3 + 2 = 3*o. What is the highest common divisor of c and o?
5
Let r(s) = 3*s**2 - 2*s + 1. Let g be r(-3). Let z = g - 22. Calculate the greatest common factor of z and 36.
12
Suppose 2*r - 78 = -4*o, o + 4*o - 170 = -5*r. Let x = 43 - r. Calculate the greatest common divisor of x and 56.
14
Suppose j + 4*s = -19, -j - s = 2*s + 16. Let f = j + 29. Calculate the highest common divisor of 2 and f.
2
Suppose -2*z - 681 = -4*g + z, -25 = -5*z. Suppose -3*m + 2*y = -g, -3*m + y + 38 = -139. Calculate the highest common divisor of m and 12.
12
Let u = -41 + 50. What is the greatest common divisor of 117 and u?
9
Let t = -150 - -161. Calculate the highest common divisor of t and 77.
11
Let y = 2 + 2. Let d(a) = -y*a - a**2 + a + 8*a - 3. Let z be d(4). What is the greatest common divisor of z and 8?
1
Suppose -5*n + 4*v = 0, 32 = 3*n + 4*v - 0*v. Suppose 2*t + n*b = -0*t + 52, 5*b + 20 = 0. Let o = -10 + t. Calculate the highest common divisor of o and 16.
8
Suppose -4*n + 9*n - 5*c + 205 = 0, -c + 185 = -5*n. Let v be ((-40)/15)/(2/n). What is the greatest common divisor of 16 and v?
16
Let p(h) = 15 + h - 3*h - h**2 - 2*h + 3*h. Let o be p(0). Let m(y) = 2*y - 3. Let v be m(4). What is the highest common divisor of v and o?
5
Let v(s) = -s**3 + 18*s**2 + 42*s - 32. Let c be v(20). Calculate the highest common factor of 3 and c.
1
Let z be 3*26 - (6 + -4)*-1. Suppose 27 = 4*c - 53. What is the greatest common divisor of z and c?
20
Suppose 0 = 2*d - 54 - 82. Suppose 0 = -3*l - l + d. Calculate the greatest common divisor of l and 136.
17
Let z = 39 + -19. What is the highest common divisor of 220 and z?
20
Let z = -2 - 1. Let m = -1 - z. Suppose -32 = -m*f - 0*f. Calculate the highest common factor of f and 8.
8
Let h = 907 - 292. Let a be 2/8 - h/(-4). Suppose -3*w - 2*w + 70 = 0. Calculate the highest common factor of a and w.
14
Let t = 2 - 2. Suppose t = 2*n + 2*n - 396. Let a be 12 + 2/(-2) - 2. Calculate the greatest common factor of n and a.
9
Suppose 3*t + 4*s + 5 = 4*t, -5*s = 0. Let b = 7 - t. Suppose 648 = 2*v + b*v. What is the greatest common factor of v and 18?
18
Let v(x) = 4*x + 4. Let b be v(7). Calculate the greatest common divisor of 4 and b.
4
Let b(t) = 11*t - 8. Let z(r) = -r + 1. Let c(y) = b(y) + 6*z(y). Let q be c(6). Suppose 3*f - 80 - q = 0. Calculate the highest common divisor of 24 and f.
12
Let b(u) = u**3 - 5*u**2 + 4. Suppose -17 = -4*y + 3. Let k be b(y). What is the highest common divisor of k and 20?
4
Let d(u) = -u**2 - 5*u + 3. Let n be d(-5). What is the highest common factor of 3 and n?
3
Suppose 0*x - 5*x = -35. Let s be (1/(-2))/(1/2). Let a be 14/(-3)*(-2 + s). What is the greatest common divisor of a and x?
7
Let q be 0 + (3 - 2) - -17. Let l = q - 12. Let a(y) = y**3 + 2*y - 3. Let r be a(2). Calculate the greatest common factor of l and r.
3
Let z = 8 - 3. Let h be 41 - (-6 + 3 + -2 + 1). What is the highest common factor of h and z?
5
Suppose -v = v - 10. Let k(m) = -m**3 + 4*m**2 + 5. Let a be k(v). Let n = 8 - a. What is the highest common divisor of n and 42?
14
Let n = -24 - -44. Suppose t = -4*t + 20. Suppose -t*f + 3*w + 17 = 0, -f - w + 6 = -0. What is the highest common factor of f and n?
5
Suppose -y + 0 = -2. Suppose 3*b + 2*k = 5*k + 174, 88 = y*b + 5*k. Let u be -4*(0 - (-6)/(-4)). What is the greatest common divisor of u and b?
6
Let m(j) = -25*j**3 - j**2 + 1. Let o be m(-1). Let v = o - -5. Suppose 3*c = 2*n + 31, 4*c + 3*n - v = -0*c. Calculate the greatest common factor of 6 and c.
3
Let l = 9 + -6. Suppose 4*u - 45 = -l*j + 3*u, -2*j + 35 = -u. What is the greatest common divisor of j and 2?
2
Let j = 279 - 159. What is the highest common divisor of j and 48?
24
Suppose -2*f + 3 = b, 10 = -0*b + 2*b + 2*f. Let t = -5 + b. Let l be t + (-22)/4*-2. What is the greatest common d